 (base 5) in base 10?
-163640
Convert bc002 (base 13) to base 15.
6ad77
What is 34330234 (base 6) in base 4?
10001100232
Convert -379c17 (base 13) to base 4.
-11012011023
Convert 4007ba (base 12) to base 7.
11320120
What is 14200130 (base 6) in base 12?
1b3046
What is -20177 (base 9) in base 15?
-3ded
What is 811952 (base 11) in base 7?
14045125
Convert 1352940 (base 12) to base 13.
a46376
What is -684b9a (base 13) in base 2?
-1001011010010011001100
What is 271801 (base 12) in base 16?
9da41
-12020234203 (base 5) to base 15
-1334bd8
Convert -4169815 (base 11) to base 2.
-11100000001111110001000
120102111211111 (base 3) to base 10
8198212
-210101212012 (base 4) to base 6
-535452154
Convert 181582 (base 11) to base 8.
1043215
Convert -181364 (base 11) to base 2.
-1000100010110000111
Convert -b6915 (base 12) to base 11.
-15416a
Convert 33640313 (base 7) to base 5.
1222343204
Convert 1303563 (base 12) to base 9.
7027173
Convert -2004433320 (base 5) to base 15.
-53a4c5
Convert -10220000200121 (base 3) to base 9.
-3800617
Convert -1170b3 (base 14) to base 4.
-2101122111
What is 20012100221 (base 3) in base 10?
122011
Convert 88b74 (base 13) to base 11.
15a381
What is -2477064 (base 8) in base 13?
-1b1007
Convert 192699 (base 10) to base 3.
100210100000
-1301009 (base 11) to base 10
-2256054
What is -4a5d8 (base 15) in base 13?
-841a3
2234102234 (base 5) to base 12
1806577
What is 3636673 (base 8) in base 7?
11330036
Convert 1010111001 (base 2) to base 11.
584
-12110222021 (base 3) to base 8
-322540
Convert -2532142 (base 7) to base 14.
-873c9
Convert -b44b05 (base 14) to base 15.
-8024e5
Convert -2cd15 (base 14) to base 8.
-333307
Convert 22545 (base 11) to base 7.
164016
What is 970a7 (base 12) in base 8?
604277
Convert -10ba0b (base 16) to base 14.
-2076c3
What is -400110312 (base 6) in base 2?
-11001101010011111100100
-45114 (base 6) to base 4
-1202212
What is -87719 (base 15) in base 2?
-1101001000010010000
Convert -124784 (base 11) to base 13.
-6b63a
What is 1225466 (base 10) in base 6?
42133242
What is -fcad (base 16) in base 14?
-19805
Convert 535021200 (base 6) to base 16.
909000
-11121120022102 (base 3) to base 13
-67b002
What is -3653511 (base 7) in base 5?
-104421301
-3557230 (base 9) to base 12
-78b669
What is 2258461 (base 10) in base 8?
10473035
What is 41301 (base 9) in base 5?
1332332
Convert 1210120313 (base 4) to base 8.
1443067
1301333321 (base 4) to base 14
c2249
What is -5023641 (base 7) in base 3?
-1010012100210
-1011001001110010111101 (base 2) to base 7
-33564635
What is -11000101111110001001 (base 2) in base 16?
-c5f89
Convert -102400 (base 6) to base 7.
-33231
2220110223 (base 4) to base 6
22435523
Convert 110101011010101000 (base 2) to base 13.
78782
What is af76ae (base 16) in base 2?
101011110111011010101110
Convert 10202321203 (base 4) to base 11.
744233
-80721 (base 10) to base 12
-3a869
-75a50d (base 14) to base 10
-3985281
What is -16847426 (base 9) in base 13?
-19a9b11
Convert -1321310123 (base 4) to base 13.
-146165
What is 1101100000010100101011 (base 2) in base 4?
31200110223
-112012201220 (base 3) to base 6
-5555040
-31026 (base 7) to base 10
-7566
Convert 434662 (base 7) to base 6.
1344301
Convert 522ba7 (base 13) to base 7.
22214413
1120100100010 (base 3) to base 14
179a73
-1321230 (base 5) to base 2
-110011101001000
What is 1269d3d (base 14) in base 4?
201303310003
380302 (base 10) to base 14
9c846
1438244 (base 10) to base 6
50454312
What is 10110001101011000 (base 2) in base 15?
1be48
120033 (base 14) to base 10
614701
dad775 (base 15) to base 3
201121120121102
Convert -213322113 (base 4) to base 10.
-163479
8307 (base 12) to base 3
201120021
What is -24bb80 (base 13) in base 15?
-126940
What is -88fe (base 16) in base 6?
-430210
Convert 14cb29a (base 13) to base 7.
110526211
Convert 2111102022 (base 3) to base 13.
194a8
What is 450373 (base 9) in base 6?
5434450
What is 2454252 (base 7) in base 4?
1031022012
117a8 (base 13) to base 12
16693
Convert -2694328 (base 10) to base 15.
-3834bd
Convert -2035372 (base 10) to base 2.
-111110000111010101100
Convert 116680 (base 9) to base 8.
211616
Convert -a03769 (base 15) to base 3.
-112022101212000
What is -210320013 (base 4) in base 16?
-24e07
What is -10222210212 (base 3) in base 16?
-13301
What is 13004650 (base 7) in base 6?
41130331
-1305b7 (base 15) to base 16
-deca3
What is -234810 (base 9) in base 2?
-100010100000101010
Convert 1f7093 (base 16) to base 7.
23341046
Convert -113004321 (base 5) to base 3.
-222020002221
-227316 (base 9) to base 2
-100001010110000101
What is -10100114 (base 5) in base 14?
-218a0
553255 (base 7) to base 10
97207
What is 2144513 (base 9) in base 12?
476470
120013222 (base 4) to base 12
4920a
Convert 111001100011000010111 (base 2) to base 9.
3483643
-212222211122 (base 3) to base 14
-c417c
1001101001000011101101 (base 2) to base 14
49b137
131121151 (base 6) to base 15
35d721
-1133211332 (base 4) to base 15
-7b035
Convert -105120 (base 14) to base 2.
-10000110101101011000
-101011011000 (base 2) to base 14
-1024
Convert 1322134 (base 5) to base 16.
67b0
What is 46210663 (base 7) in base 2?
1111011001011101000100
Convert 110112413 (base 5) to base 15.
9518d
Convert -168250 (base 9) to base 10.
-104454
Convert 134736 (base 9) to base 5.
10112443
Convert -6060 (base 13) to base 7.
-53442
-10111012200020 (base 3) to base 14
-363acb
2353050 (base 6) to base 16
1e396
-ddb90e (base 16) to base 14
-1d036c6
Convert -633514 (base 7) to base 6.
-2202054
Convert -21022002102022 (base 3) to base 14.
-72da5c
12022131 (base 5) to base 16
1b144
Convert -21032210030 (base 4) to base 12.
-987a38
What is 1581725 (base 10) in base 11?
990412
Convert -28d55 (base 14) to base 12.
-4a827
What is -78dae (base 16) in base 15?
-9ba17
What is 5178703 (base 9) in base 3?
12012122210010
What is 156736 (base 9) in base 6?
2024140
Convert 65924a (base 13) to base 15.
323576
Convert 2333044221 (base 5) to base 4.
110131030010
Convert 9405 (base 11) to base 2.
11000010110100
What is -194ac31 (base 14) in base 11?
-70a4659
-2001232233 (base 4) to base 13
-157b30
4430301 (base 5) to base 15
17c01
What is 4281 (base 10) in base 6?
31453
What is -1642045 (base 7) in base 2?
-110111110111001110
-330212521 (base 6) to base 15
-7b7004
2332011 (base 8) to base 16
9b409
What is 274b70 (base 14) in base 13?
387035
-40032043 (base 5) to base 16
-4cd18
-300241 (base 5) to base 15
-2beb
-10222100212001 (base 3) to base 5
-1020111024
What is -11130101001 (base 4) in base 3?
-2200110210020
Convert 67781 (base 15) to base 14.
87cd1
Convert -5031b (base 14) to base 11.
-121856
1224413113 (base 5) to base 13
7cb426
What is -1425333 (base 6) in base 2?
-10011111010011001
-b2a814 (base 12) to base 13
-76c195
-2246660 (base 9) to base 11
-758774
Convert 31642253 (base 8) to base 10.
6767787
Convert -26b0a8 (base 15) to base 11.
-1060312
-57665 (base 15) to base 3
-112010121112
-12130323012 (base 4) to base 2
-110011100111011000110
-3538b9 (base 12) to base 14
-184297
-38d33 (base 14) to base 16
-22211
Convert 23554 (base 10) to base 5.
1223204
Convert 1433162 (base 7) to base 2.
101111001010110010
Convert 37549b8 (base 13) to base 2.
1000001101111001101100111
-241c2c (base 16) to base 4
-21001300230
What is 49461 (base 13) in base 3?
20211212120
Convert 5464d (base 14) to base 4.
301320031
What is -5026 (base 14) in base 15?
-411e
Convert -bd803c (base 16) to base 14.
-1913ccc
What is 255311304 (base 6) in base 7?
60434146
76160 (base 9) to base 15
ee26
What is -6632454 (base 7) in base 6?
-25244300
Convert -332265 (base 9) to base 14.
-524b3
-20221423 (base 5) to base 3
-22022221122
Convert -15144421 (base 6) to base 16.
-80b5d
What is 1a39651 (base 12) in base 9?
11403237
7852409 (base 10) to base 16
77d179
What is 1b9c8 (base 14) in base 12?
349a4
Convert 795498 (base 11) to base 13.
354543
Convert -3a644 (base 14) to base 12.
-6b358
-10b6c7 (base 14) to base 2
-10001011000000001111
1272931 (base 11) to base 2
1000011001000101111111
What is -12111202010 (base 3) in base 14?
-2b735
36261 (base 13) to base 4
120033102
What is -12991 (base 16) in base 11?
-52262
-1609ed (base 15) to base 7
-12025021
255315 (base 8) to base 13
31544
What is -91202 (base 11) in base 16?
-208e0
660445